-7556)/12*(-70)/(-28) is divided by 75.
74
Suppose 97232 = -80*x + 313312. Calculate the remainder when x is divided by 17.
15
Let u(p) = p**2 + 12. Suppose 3*b - 4 - 20 = 0. Calculate the remainder when u(b) is divided by 11.
10
Suppose b + 813 = -2*a + 117, -5*a - 1741 = 2*b. What is the remainder when 59 is divided by (-4 - 270/(-65)) + a/(-13)?
5
What is the remainder when ((-624)/(-40))/39 + (-57148)/(-5) is divided by 23?
22
What is the remainder when (2/(-3))/((-194)/7857) is divided by (-243)/(-15) - 2/10?
11
What is the remainder when ((-18)/(-12)*3652/33)/((-1)/(-6)) is divided by 494?
8
Let a(s) = -s**3 + 113*s**2 - 179*s + 401. Calculate the remainder when a(110) is divided by 107.
105
Suppose -3*u + m + 58 = 0, -5*m = 3 + 17. Let r be 1112/u - 2*2/(-18). Suppose 0 = 6*v - 316 - r. What is the remainder when v is divided by 33?
30
Let x = -19 + 40. Suppose 0 = -23*c + 28*c + a - 485, 0 = -5*c - 13*a + 545. Calculate the remainder when c is divided by x.
12
Let o(r) = 71 + 4 - 10*r + r**2 - 9*r + 36 - 5*r. Suppose -4*q + 0*q + 28 = 0. What is the remainder when q is divided by o(18)?
1
Let r(d) = -24*d + 609. What is the remainder when r(7) is divided by 34?
33
Suppose -2*i - 6*d + 393 = -393, -2*i + 2*d + 810 = 0. What is the remainder when 1208 is divided by i?
2
Let l(g) = -g**2 + 11*g + 7. Let c(o) = -118*o - 621. What is the remainder when c(-6) is divided by l(8)?
25
Let v(w) = -w + 5. Let l be v(0). Suppose -l*y + 44 + 346 = 0. Suppose -4*f = 4*j - 3*j - y, 3*f = -4*j + 377. What is the remainder when j is divided by 26?
20
Let y(v) = -22*v - 3. Let o be -1*(0 - 1)/(3/15). Suppose n - o*u + 2*u - 42 = 0, -5*n = -u - 182. What is the remainder when y(-5) is divided by n?
35
Suppose 22*z - 975 = 32*z - 23*z. Calculate the remainder when z is divided by 12.
3
Let d(g) = g**3 + 4*g**2 - 11*g - 4. Let c be d(-6). Let n = c - -47. Calculate the remainder when n is divided by 13.
11
Let n be (10/35)/((-4)/(-14))*-1. Let s be ((-74)/(-8) + 2/(-8))*n. What is the remainder when 28 is divided by 182/18 + 1/s?
8
Suppose -184 = -3*o - 5*i, 0 = -3*i + 1 + 14. Let p = o + 17. Suppose y = p + 3. Calculate the remainder when y is divided by 25.
23
Suppose 3*g = 5*g. Suppose -4*n = -17 - 3, -20 = 3*t - 4*n. Suppose 2*o + t*o - 214 = g. Calculate the remainder when o is divided by 18.
17
Let y = 65 + -50. Suppose y*t = 59 + 61. Suppose -6 = t*a - 726. Calculate the remainder when a is divided by 27.
9
Suppose 4*g - 4*y - 300 + 56 = 0, 3*g - 191 = y. Calculate the remainder when 638 is divided by g.
53
Suppose 12*r = 850 + 914 + 2040. Calculate the remainder when r is divided by 159.
158
Let s(k) = -6*k - 6. Let o be s(30). What is the remainder when (-5)/(-6) - 9703/o is divided by 8?
5
Suppose -745*p + 1029282 = -1133693 + 771315. What is the remainder when p is divided by 21?
20
What is the remainder when ((-59)/(-33) - (-114)/209)/((-1)/(-180)) is divided by 106?
102
Suppose 0 = -4*j - 4*s + 2396, 3*j - 56*s + 51*s = 1805. What is the remainder when j is divided by 44?
28
Let v = -169 - -196. Calculate the remainder when v is divided by ((-15)/(-2))/(8/16).
12
Let h = 17063 - 15950. Calculate the remainder when h is divided by 362.
27
Let u = -14983 - -15047. What is the remainder when 270 is divided by u?
14
Let k be 9 - 4/(8/(-2))*1. Let z be (2/k - 0) + (-192)/(-40). Suppose 3*w = 4*d + 23, 4 = w - d - z. What is the remainder when 30 is divided by w?
4
Let g(j) = 514*j**3 + j**2 - 7*j + 7. What is the remainder when g(1) is divided by 61?
27
Suppose 199*r + 27153 - 24839 = 77735. What is the remainder when 389 is divided by r?
10
Suppose -b = -6*v - 113 - 38, -b + v = -121. What is the remainder when 1377 is divided by b?
112
Suppose 7*j - 1190 = 2030. Suppose 1103*u = 1098*u + j. What is the remainder when u is divided by 41?
10
Let s(u) = -u**3 - 33*u**2 - 32*u + 16. Let h be s(-32). What is the remainder when 49 is divided by h/120 - (-624)/45?
7
Let z = -21306 + 21790. Calculate the remainder when z is divided by 119.
8
Suppose 79 = 7*u - 19. Let v be u/6*2*(2 + 1). Calculate the remainder when 35 is divided by 1*v + (-3 + 3)/3.
7
Let p(r) = r**2 - 6*r - 36. Let d be p(-4). Suppose g = -d*s - 47 + 208, 4*g = s + 712. Let o = -120 + g. Calculate the remainder when o is divided by 30.
27
Suppose 0 = -8*b + 14 + 10. Suppose p = -4*r + 56, 4*p - b*r - r - 304 = 0. Let n(c) = -3*c + 6. What is the remainder when p is divided by n(-3)?
12
Let w be 34/10 + (-27)/(-45). Suppose -2*q + 4*j - w = -0, j + 20 = 4*q. Suppose 0 = 302*n - 299*n - 27. Calculate the remainder when n is divided by q.
3
Suppose -1511 = -83*o + 2390 + 1660. Calculate the remainder when 103 is divided by o.
36
Let k = 18767 + -18521. Calculate the remainder when 2694 is divided by k.
234
Suppose -5*x = -4*t + 4428, 2*t - 1820 - 392 = 3*x. Suppose t = -507*n + 515*n. Calculate the remainder when n is divided by 16.
11
Suppose -2*a - 286 = -g + 113, g = -a + 405. Let w = g - 372. Calculate the remainder when 81 is divided by w.
19
Let v(c) = c**2 - c - 3. Let d(s) = -3*s**2 + s + 3. Let q(o) = -2*d(o) - 3*v(o). What is the remainder when q(3) is divided by 19?
14
Let i(v) = -15*v + 40. Let f be i(3). What is the remainder when 57 is divided by (-230)/(-23) + 1 + f?
3
Let h = 678 + -1293. Let q = h - -652. Calculate the remainder when 120 is divided by q.
9
Let n(m) = -2*m + 149. Let q = -47 - -47. Let p be n(q). Suppose -y + p = 2*k - 2*y, -3*k = -4*y - 236. Calculate the remainder when k is divided by 19.
15
Suppose 0 = 4*b + 20, -4*w + 8 + 75 = -3*b. Let s = -21511 + 21559. What is the remainder when s is divided by w?
14
Suppose 3*x + 2*j - 1573 = 0, 6*j = -2*x + 5*j + 1049. What is the remainder when x is divided by 66?
63
Suppose -5*q = -2*g + 11343, -3*q - 9250 - 19098 = -5*g. Calculate the remainder when g is divided by 93.
89
Let o(u) = -u**2 + 10*u + 10. Suppose 5*m = 5*c + 47 - 7, 0 = 4*m. What is the remainder when o(5) is divided by 6/c*(-5 + 3 + -10)?
8
Calculate the remainder when (-393)/(-70 + 69 + (-8)/(-10)) is divided by 11.
7
Let m(l) = -l**3 + 10*l**2 - 6*l + 13. Let j be m(4). Suppose -2*i + 3*i + j = 5*q, q - 23 = -i. Calculate the remainder when 105 is divided by q.
15
Suppose -7997 = -16*j - 765. Suppose 5*i + j - 852 = 0. What is the remainder when i is divided by 29?
22
Suppose -2*j - 3*y = -26, 2*j - 4*y + 26 - 10 = 0. What is the remainder when 1370 is divided by j?
2
Suppose -15*w = 4*w - 190. Let x(c) = -c + 19. Let q(y) = -y**3 + 6*y**2 + 7*y. Let u be q(7). Calculate the remainder when x(u) is divided by w.
9
Suppose -8 = -w - 29. Let z = w + 38. Suppose t - 95 = -3*n, -t - 112 = n - 143. What is the remainder when n is divided by z?
15
Suppose 16*h + 186 = 2*t + 12*h, -400 = -4*t + h. Let p = 307 - t. Calculate the remainder when p is divided by 52.
50
Let g be ((-728)/78)/(-2 + 4/3). Calculate the remainder when 54/3 + (-2)/2 is divided by (-16)/4*(5 + (-91)/g).
5
Let s(u) = 196*u - 1339. What is the remainder when 291 is divided by s(7)?
27
Suppose 6 = 9*c - 12. Suppose -c*j + 186 = -0*j - 2*v, -5*j = -2*v - 471. Suppose -j = -4*a - 11. Calculate the remainder when 60 is divided by a.
18
Suppose 17*i = 35 + 50. Suppose -181 = -i*f + 2*t, -3*f + t + 117 = 4*t. Calculate the remainder when f is divided by 27.
10
Suppose -4*o - 2452 = -r, -4*o = -9*o - 2*r - 3078. Let l = -415 - o. What is the remainder when l is divided by 68?
63
Suppose l - 192 = -193, c - 2*l - 73 = 0. Calculate the remainder when c is divided by 31.
9
Suppose -3*v + 738 = 3*c, c = -0*c + 4. What is the remainder when v is divided by (286/11 - 1/(-3)) + (-4)/(-6)?
26
Suppose 5*n + 3*t = 7*t + 11633, 5*t = 2*n - 4677. What is the remainder when n is divided by 83?
80
Let c be 4/(-6) + 319/(-3). Suppose 0 = -43*l + 36*l + 1463. Let a = l + c. Calculate the remainder when a is divided by 35.
32
Suppose 157*q = -59*q + 33696. Calculate the remainder when 1713 is divided by q.
153
Let i = 489 + -744. Let c = i + 859. What is the remainder when 9/(-63) + c/14 is divided by 16?
11
Let l be -6 + 11 + (4/(-2))/2. Suppose 10 = l*w + 30. Let t = 7 + w. Calculate the remainder when 4 is divided by t.
0
Let c(m) = 66*m - 519. Calculate the remainder when 358 is divided by c(9).
